 hundreds digit of 59198?
1
What is the units digit of 1326?
6
What is the hundreds digit of 19034?
0
What is the hundreds digit of 8993?
9
What is the ten thousands digit of 126620?
2
What is the tens digit of 2657?
5
What is the units digit of 55723?
3
What is the units digit of 96?
6
What is the hundreds digit of 14039?
0
What is the thousands digit of 12969?
2
What is the units digit of 2244?
4
What is the units digit of 1927?
7
What is the ten thousands digit of 39362?
3
What is the hundreds digit of 630?
6
What is the thousands digit of 12811?
2
What is the tens digit of 4361?
6
What is the units digit of 1411?
1
What is the tens digit of 49355?
5
What is the tens digit of 2511?
1
What is the ten thousands digit of 17914?
1
What is the units digit of 689?
9
What is the units digit of 24746?
6
What is the tens digit of 950?
5
What is the hundreds digit of 577?
5
What is the units digit of 698?
8
What is the tens digit of 12293?
9
What is the thousands digit of 1659?
1
What is the tens digit of 11626?
2
What is the thousands digit of 4783?
4
What is the hundreds digit of 107?
1
What is the hundreds digit of 1450?
4
What is the units digit of 2725?
5
What is the thousands digit of 5102?
5
What is the thousands digit of 5921?
5
What is the hundreds digit of 1900?
9
What is the tens digit of 55661?
6
What is the tens digit of 42965?
6
What is the units digit of 461?
1
What is the thousands digit of 19531?
9
What is the thousands digit of 4361?
4
What is the tens digit of 3775?
7
What is the ten thousands digit of 10338?
1
What is the ten thousands digit of 22881?
2
What is the ten thousands digit of 169126?
6
What is the thousands digit of 50104?
0
What is the units digit of 3609?
9
What is the hundreds digit of 6036?
0
What is the thousands digit of 1164?
1
What is the tens digit of 23012?
1
What is the thousands digit of 11901?
1
What is the hundreds digit of 54236?
2
What is the tens digit of 3699?
9
What is the ten thousands digit of 22422?
2
What is the ten thousands digit of 69229?
6
What is the units digit of 1768?
8
What is the tens digit of 8091?
9
What is the tens digit of 2232?
3
What is the units digit of 958?
8
What is the hundreds digit of 887?
8
What is the ten thousands digit of 14251?
1
What is the tens digit of 2839?
3
What is the units digit of 973?
3
What is the thousands digit of 83364?
3
What is the tens digit of 15735?
3
What is the thousands digit of 25449?
5
What is the thousands digit of 20463?
0
What is the thousands digit of 42524?
2
What is the units digit of 9264?
4
What is the tens digit of 2587?
8
What is the tens digit of 23273?
7
What is the tens digit of 14161?
6
What is the units digit of 28805?
5
What is the thousands digit of 2329?
2
What is the ten thousands digit of 157706?
5
What is the hundreds digit of 1591?
5
What is the units digit of 22?
2
What is the hundreds digit of 132?
1
What is the tens digit of 8964?
6
What is the hundreds digit of 124430?
4
What is the hundreds digit of 7819?
8
What is the ten thousands digit of 57581?
5
What is the units digit of 16678?
8
What is the units digit of 14024?
4
What is the tens digit of 8083?
8
What is the ten thousands digit of 14537?
1
What is the hundreds digit of 1580?
5
What is the tens digit of 1893?
9
What is the ten thousands digit of 33478?
3
What is the hundreds digit of 7143?
1
What is the hundreds digit of 7286?
2
What is the units digit of 37818?
8
What is the tens digit of 2045?
4
What is the tens digit of 172882?
8
What is the tens digit of 97073?
7
What is the ten thousands digit of 23683?
2
What is the tens digit of 194?
9
What is the tens digit of 101?
0
What is the hundreds digit of 32164?
1
What is the units digit of 10070?
0
What is the hundreds digit of 146?
1
What is the thousands digit of 1247?
1
What is the hundreds digit of 41870?
8
What is the hundreds digit of 1536?
5
What is the units digit of 150?
0
What is the tens digit of 1203?
0
What is the units digit of 542?
2
What is the units digit of 14223?
3
What is the ten thousands digit of 22193?
2
What is the hundreds digit of 2628?
6
What is the hundreds digit of 10296?
2
What is the tens digit of 42220?
2
What is the hundreds digit of 204?
2
What is the tens digit of 640?
4
What is the ten thousands digit of 104465?
0
What is the tens digit of 389?
8
What is the thousands digit of 1953?
1
What is the hundreds digit of 6610?
6
What is the units digit of 6597?
7
What is the units digit of 2315?
5
What is the tens digit of 2270?
7
What is the hundreds digit of 4116?
1
What is the tens digit of 968?
6
What is the tens digit of 4253?
5
What is the units digit of 1505?
5
What is the hundreds digit of 19223?
2
What is the ten thousands digit of 55186?
5
What is the tens digit of 12096?
9
What is the thousands digit of 1589?
1
What is the hundreds digit of 26699?
6
What is the hundreds digit of 2603?
6
What is the units digit of 744?
4
What is the tens digit of 811?
1
What is the hundreds digit of 942?
9
What is the hundreds digit of 7602?
6
What is the tens digit of 1902?
0
What is the tens digit of 3361?
6
What is the units digit of 638?
8
What is the units digit of 139730?
0
What is the tens digit of 40294?
9
What is the ten thousands digit of 106200?
0
What is the hundreds digit of 694?
6
What is the hundreds digit of 4466?
4
What is the tens digit of 7181?
8
What is the hundreds digit of 100?
1
What is the thousands digit of 5526?
5
What is the ten thousands digit of 64846?
6
What is the units digit of 2825?
5
What is the hundreds digit of 40652?
6
What is the units digit of 4235?
5
What is the thousands digit of 17346?
7
What is the thousands digit of 6696?
6
What is the tens digit of 13611?
1
What is the units digit of 3061?
1
What is the tens digit of 2775?
7
What is the hundreds digit of 25854?
8
What is the units digit of 25538?
8
What is the hundreds digit of 4627?
6
What is the thousands digit of 1134?
1
What is the hundreds digit of 22913?
9
What is the hundreds digit of 3904?
9
What is the thousands digit of 6460?
6
What is the hundreds digit of 3559?
5
What is the thousands digit of 6625?
6
What is the hundreds digit of 1018?
0
What is the tens digit of 5663?
6
What is the hundreds digit of 6717?
7
What is the units digit of 18137?
7
What is the hundreds digit of 5898?
8
What is the units digit of 49786?
6
What is the units digit of 22047?
7
What is the units digit of 1346?
6
What is the tens digit of 90635?
3
What is the units digit of 1547?
7
What is the thousands digit of 3183?
3
What is the hundreds digit of 855?
8
What is the ten thousands digit of 175750?
7
What is the tens digit of 13398?
9
What is the units digit of 98021?
1
What is the units digit of 4950?
0
What is the tens digit of 6571?
7
What is the tens digit of 180?
8
What is the tens digit of 905?
0
What is the hundreds digit of 147964?
9
What is the tens digit of 1825?
2
What is the units digit of 50549?
9
What is the hundreds digit of 1735?
7
What is the ten thousands digit of 13885?
1
What is the ten thousands digit of 34417?
3
What is the thousands digit of 1565?
1
What is the units digit of 7764?
4
What is the hundreds digit of 40701?
7
What is the units digit of 811?
1
What is the hundreds digit of 8178?
1
What is the thousands digit of 1299?
1
What is the hundreds digit of 3078?
0
What is the thousands digit of 1182?
1
What is the ten thousands digit of 108607?
0
What is the units digit of 12311?
1
What is the units digit of 1248?
8
What is the tens digit of 32148?
4
What is the hundreds digit of 9928?
9
What is the units digit of 5648?
8
What is the tens digit of 767?
6
What is the tens digit of 206?
0
What is the tens digit of 374?
7
What is the hundreds digit of 10995?
9
What is the hundreds digit of 642?
6
What is the thousands digit of 14993?
4
What is the tens digit of 899?
9
What is the thousands digit of 4248?
4
What is the tens digit of 286?
8
What is the ten thousands digit of 113938?
1
What is the tens digit of 5081?
8
What is the units digit of 6999?
9
What is the ten thousands digit of 46286?
4
What is the hundreds digit of 8679?
6
What is the thousands digit of 2804?
2
What is the tens digit of 3962?
6
What is the tens digit of 63897?
9
What is the units digit of 194?
4
What is the 